{"id":6340,"date":"2023-04-28T10:05:16","date_gmt":"2023-04-28T07:05:16","guid":{"rendered":"https:\/\/beta.cla.com.tr\/?page_id=6340"},"modified":"2023-12-07T10:44:28","modified_gmt":"2023-12-07T07:44:28","slug":"butik-egitimler","status":"publish","type":"page","link":"https:\/\/cla.com.tr\/index.php\/butik-egitimler\/","title":{"rendered":"Butik E\u011fitimler"},"content":{"rendered":"<p>[vc_row][vc_column][vc_column_text]<strong>Firman\u0131za \u00f6zel butik e\u011fitimler<\/strong>\u2018le sizlerin yan\u0131nday\u0131z!<\/p>\n<p>CLA Academy, firman\u0131z\u0131n e\u011fitim ihtiya\u00e7 ve talepleri do\u011frultusunda, uzman ekibiyle\u00a0 <strong>kurumunuza \u00f6zel; s\u0131n\u0131f(y\u00fcz y\u00fcze) ve uzaktan e\u011fitim(online e\u011fitim) <\/strong>hizmeti vermektedir.<\/p>\n<p>Sekt\u00f6r\u00fcn\u00fczde sahip olman\u0131z gereken yetkinlikleri, teknik konular\u0131, piyasalar\u0131n i\u015fleyi\u015fini ve g\u00fcncellenen mevzuatlar\u0131 kurumunuzun ihtiyac\u0131 olan her konuda, ortak i\u015fbirli\u011fi i\u00e7erisinde, i\u015finde profesyonel ekibimizle birlikte kurumunuza \u00f6zel e\u011fitim i\u00e7erikleri tasarl\u0131yoruz.<\/p>\n<p>Firman\u0131z\u0131n ihtiyac\u0131 olan e\u011fitim ile ilgili a\u015fa\u011f\u0131daki talep formunu doldurarak bizlere ula\u015fabilirsiniz.[\/vc_column_text][\/vc_column][\/vc_row][vc_section css=&#8221;.vc_custom_1683095069007{background-image: url(http:\/\/beta.cla.com.tr\/wp-content\/uploads\/2023\/05\/xz-3-1.jpg?id=6552) !important;}&#8221;][vc_row][vc_column width=&#8221;1\/2&#8243;][vc_empty_space][vc_empty_space][vc_empty_space][vc_empty_space][vc_custom_heading text=&#8221;BUT\u0130K E\u011e\u0130T\u0130MLER&#8221; font_container=&#8221;tag:h2|text_align:center|color:%23ffffff&#8221; google_fonts=&#8221;font_family:Exo%3A100%2C100italic%2C200%2C200italic%2C300%2C300italic%2Cregular%2Citalic%2C500%2C500italic%2C600%2C600italic%2C700%2C700italic%2C800%2C800italic%2C900%2C900italic|font_style:500%20bold%20regular%3A500%3Anormal&#8221;][vc_column_text]<\/p>\n<p style=\"text-align: justify; color: #fff; font-family: Exo; font-size: 16px;\">Butik e\u011fitim programlar\u0131 kurumlar\u0131n e\u011fitim ihtiya\u00e7lar\u0131n\u0131za \u00f6zel olarak talep ve istekleriniz do\u011frultusunda tasarlanacakt\u0131r.<\/p>\n<p>[\/vc_column_text][\/vc_column][vc_column width=&#8221;1\/2&#8243;]\n<div class=\"wpcf7 no-js\" id=\"wpcf7-f6356-o1\" lang=\"tr-TR\" dir=\"ltr\">\n<div class=\"screen-reader-response\"><p role=\"status\" aria-live=\"polite\" aria-atomic=\"true\"><\/p> <ul><\/ul><\/div>\n<form action=\"\/index.php\/wp-json\/wp\/v2\/pages\/6340#wpcf7-f6356-o1\" method=\"post\" class=\"wpcf7-form init\" aria-label=\"Contact form\" novalidate=\"novalidate\" data-status=\"init\">\n<div style=\"display: none;\">\n<input type=\"hidden\" name=\"_wpcf7\" value=\"6356\" \/>\n<input type=\"hidden\" name=\"_wpcf7_version\" value=\"5.7.5.1\" \/>\n<input type=\"hidden\" name=\"_wpcf7_locale\" value=\"tr_TR\" \/>\n<input type=\"hidden\" name=\"_wpcf7_unit_tag\" value=\"wpcf7-f6356-o1\" \/>\n<input type=\"hidden\" name=\"_wpcf7_container_post\" value=\"0\" \/>\n<input type=\"hidden\" name=\"_wpcf7_posted_data_hash\" value=\"\" \/>\n<\/div>\n<p><label class=\"xsx\"> Ad\u0131n\u0131z<br \/>\n<span class=\"wpcf7-form-control-wrap\" data-name=\"your-name\"><input size=\"40\" class=\"wpcf7-form-control wpcf7-text wpcf7-validates-as-required\" autocomplete=\"name\" aria-required=\"true\" aria-invalid=\"false\" value=\"\" type=\"text\" name=\"your-name\" \/><\/span> <\/label>\n<\/p>\n<p><label  class=\"xsx\"> E-posta adresiniz<br \/>\n<span class=\"wpcf7-form-control-wrap\" data-name=\"your-email\"><input size=\"40\" class=\"wpcf7-form-control wpcf7-text wpcf7-email wpcf7-validates-as-required wpcf7-validates-as-email\" autocomplete=\"email\" aria-required=\"true\" aria-invalid=\"false\" value=\"\" type=\"email\" name=\"your-email\" \/><\/span> <\/label>\n<\/p>\n<p><label class=\"xsx\"> Konu<br \/>\n<span class=\"wpcf7-form-control-wrap\" data-name=\"your-subject\"><input size=\"40\" class=\"wpcf7-form-control wpcf7-text wpcf7-validates-as-required\" aria-required=\"true\" aria-invalid=\"false\" value=\"\" type=\"text\" name=\"your-subject\" \/><\/span> <\/label>\n<\/p>\n<p><label  class=\"xsx\"> Mesaj(tercihe ba\u011fl\u0131)<br \/>\n<span class=\"wpcf7-form-control-wrap\" data-name=\"your-message\"><textarea cols=\"40\" rows=\"10\" class=\"wpcf7-form-control wpcf7-textarea\" aria-invalid=\"false\" name=\"your-message\"><\/textarea><\/span> <\/label>\n<\/p>\n<p><input style=\" color: #fff;\n\tfont-size:18px;\n\tfont-weight:400;\n    vertical-align: middle !important;\n    background-color: #780505 !important;\n    padding: 5px 50px 5px 50px;\n    border-bottom-right-radius: 5px;\n    border-top-left-radius: 5px;\" class=\"wpcf7-form-control has-spinner wpcf7-submit\" type=\"submit\" value=\"G\u00f6nder\" \/>\n<\/p><input type='hidden' class='wpcf7-pum' value='{\"closepopup\":false,\"closedelay\":0,\"openpopup\":false,\"openpopup_id\":0}' \/><div class=\"wpcf7-response-output\" aria-hidden=\"true\"><\/div>\n<\/form>\n<\/div>\n[\/vc_column][\/vc_row][\/vc_section]<\/p>\n","protected":false},"excerpt":{"rendered":"<p>[vc_row][vc_column][vc_column_text]Firman\u0131za \u00f6zel butik e\u011fitimler\u2018le sizlerin yan\u0131nday\u0131z! CLA Academy, firman\u0131z\u0131n e\u011fitim ihtiya\u00e7 ve talepleri do\u011frultusunda, uzman ekibiyle\u00a0 kurumunuza \u00f6zel; s\u0131n\u0131f(y\u00fcz y\u00fcze) ve uzaktan e\u011fitim(online e\u011fitim) hizmeti vermektedir. Sekt\u00f6r\u00fcn\u00fczde sahip olman\u0131z gereken yetkinlikleri, teknik konular\u0131, piyasalar\u0131n i\u015fleyi\u015fini ve g\u00fcncellenen mevzuatlar\u0131 kurumunuzun ihtiyac\u0131 olan her konuda, ortak i\u015fbirli\u011fi i\u00e7erisinde, i\u015finde profesyonel ekibimizle birlikte kurumunuza \u00f6zel e\u011fitim i\u00e7erikleri tasarl\u0131yoruz. [&hellip;]<\/p>\n","protected":false},"author":1,"featured_media":0,"parent":0,"menu_order":0,"comment_status":"closed","ping_status":"closed","template":"","meta":{"footnotes":""},"class_list":["post-6340","page","type-page","status-publish","hentry"],"_links":{"self":[{"href":"https:\/\/cla.com.tr\/index.php\/wp-json\/wp\/v2\/pages\/6340","targetHints":{"allow":["GET"]}}],"collection":[{"href":"https:\/\/cla.com.tr\/index.php\/wp-json\/wp\/v2\/pages"}],"about":[{"href":"https:\/\/cla.com.tr\/index.php\/wp-json\/wp\/v2\/types\/page"}],"author":[{"embeddable":true,"href":"https:\/\/cla.com.tr\/index.php\/wp-json\/wp\/v2\/users\/1"}],"replies":[{"embeddable":true,"href":"https:\/\/cla.com.tr\/index.php\/wp-json\/wp\/v2\/comments?post=6340"}],"version-history":[{"count":26,"href":"https:\/\/cla.com.tr\/index.php\/wp-json\/wp\/v2\/pages\/6340\/revisions"}],"predecessor-version":[{"id":7312,"href":"https:\/\/cla.com.tr\/index.php\/wp-json\/wp\/v2\/pages\/6340\/revisions\/7312"}],"wp:attachment":[{"href":"https:\/\/cla.com.tr\/index.php\/wp-json\/wp\/v2\/media?parent=6340"}],"curies":[{"name":"wp","href":"https:\/\/api.w.org\/{rel}","templated":true}]}}