{"id":6783,"date":"2023-06-07T14:56:33","date_gmt":"2023-06-07T11:56:33","guid":{"rendered":"https:\/\/beta.cla.com.tr\/?page_id=6783"},"modified":"2023-10-17T10:50:30","modified_gmt":"2023-10-17T07:50:30","slug":"enerji-ticaret-hakkinda","status":"publish","type":"page","link":"https:\/\/cla.com.tr\/index.php\/enerji-ticaret-hakkinda\/","title":{"rendered":"ENERJ\u0130 T\u0130CARET HAKKINDA"},"content":{"rendered":"<p>[vc_row][vc_column][vc_custom_heading text=&#8221;ENERJ\u0130 T\u0130CARET HAKKINDA&#8221; google_fonts=&#8221;font_family:Vollkorn%3Aregular%2Citalic%2C700%2C700italic|font_style:700%20bold%20regular%3A700%3Anormal&#8221; css_animation=&#8221;fadeInLeft&#8221;][\/vc_column][\/vc_row][vc_row][vc_column width=&#8221;1\/2&#8243;][vc_single_image image=&#8221;6804&#8243; img_size=&#8221;large&#8221; el_class=&#8221;weew&#8221;][\/vc_column][vc_column width=&#8221;1\/2&#8243;][vc_column_text]Enerji Ticareti e\u011fitim program\u0131, piyasa i\u00e7erisinden yer almak isteyen g\u00fcncel piyasa al\u0131\u015f-sat\u0131\u015f elektrik ticaretini \u00f6\u011frenmek, mevcut piyasa oyuncular\u0131ndan bilgi edinmek isteyen herkes i\u00e7in tasarlanm\u0131\u015ft\u0131r.<\/p>\n<p>Program, bireye teorik bir zemin sa\u011flar ve ana unsurlardan bahsederek, gerekli bilgiler \u00fczerine odaklan\u0131r.<br \/>\nEnerji\u2019de ticari i\u015flemler neden ger\u00e7ekle\u015ftirilir, anla\u015fmalar nerede yap\u0131l\u0131r, ticaret nas\u0131l ger\u00e7ekle\u015ftirilir, ticari ili\u015fkiler kimle kurulmal\u0131 ve ticareti ger\u00e7ekle\u015ftirme hangi birimin rol\u00fcd\u00fcr gibi konular\u0131 i\u00e7erir.<br \/>\nDevam\u0131nda, enerji ili\u015fkili \u015firketlerin rol\u00fc, siyaset ve reg\u00fclasyonlar\u0131n rol\u00fc, enerji \u00fcr\u00fcnlerinin takas edildi\u011fi platformlar (D\u00fczenlenmi\u015f piyasa ve ikili \/ OTC anla\u015fmalar\u0131n yap\u0131lmas\u0131) bilgi ve ileti\u015fim teknolojilerinin rol\u00fc, raporlama &amp; \u00fcr\u00fcnlerin de\u011ferlemesi &amp; pozisyonlar( finans &amp; muhasebe ) , kontrolde olma ( risk y\u00f6netimi ) konular\u0131n\u0131 da kapsar. Sonu\u00e7 olarak, bireye ticaretin d\u00fcnyas\u0131na kapsaml\u0131 bir bak\u0131\u015f a\u00e7\u0131s\u0131 kazand\u0131r\u0131r.<\/p>\n<p>Detayl\u0131 e\u011fitim i\u00e7eri\u011fini inceleyebilirsiniz.[\/vc_column_text][\/vc_column][\/vc_row]<\/p>\n","protected":false},"excerpt":{"rendered":"<p>[vc_row][vc_column][vc_custom_heading text=&#8221;ENERJ\u0130 T\u0130CARET HAKKINDA&#8221; google_fonts=&#8221;font_family:Vollkorn%3Aregular%2Citalic%2C700%2C700italic|font_style:700%20bold%20regular%3A700%3Anormal&#8221; css_animation=&#8221;fadeInLeft&#8221;][\/vc_column][\/vc_row][vc_row][vc_column width=&#8221;1\/2&#8243;][vc_single_image image=&#8221;6804&#8243; img_size=&#8221;large&#8221; el_class=&#8221;weew&#8221;][\/vc_column][vc_column width=&#8221;1\/2&#8243;][vc_column_text]Enerji Ticareti e\u011fitim program\u0131, piyasa i\u00e7erisinden yer almak isteyen g\u00fcncel piyasa al\u0131\u015f-sat\u0131\u015f elektrik ticaretini \u00f6\u011frenmek, mevcut piyasa oyuncular\u0131ndan bilgi edinmek isteyen herkes i\u00e7in tasarlanm\u0131\u015ft\u0131r. Program, bireye teorik bir zemin sa\u011flar ve ana unsurlardan bahsederek, gerekli bilgiler \u00fczerine odaklan\u0131r. Enerji\u2019de ticari i\u015flemler neden ger\u00e7ekle\u015ftirilir, anla\u015fmalar nerede [&hellip;]<\/p>\n","protected":false},"author":1,"featured_media":0,"parent":0,"menu_order":0,"comment_status":"closed","ping_status":"closed","template":"","meta":{"footnotes":""},"class_list":["post-6783","page","type-page","status-publish","hentry"],"_links":{"self":[{"href":"https:\/\/cla.com.tr\/index.php\/wp-json\/wp\/v2\/pages\/6783","targetHints":{"allow":["GET"]}}],"collection":[{"href":"https:\/\/cla.com.tr\/index.php\/wp-json\/wp\/v2\/pages"}],"about":[{"href":"https:\/\/cla.com.tr\/index.php\/wp-json\/wp\/v2\/types\/page"}],"author":[{"embeddable":true,"href":"https:\/\/cla.com.tr\/index.php\/wp-json\/wp\/v2\/users\/1"}],"replies":[{"embeddable":true,"href":"https:\/\/cla.com.tr\/index.php\/wp-json\/wp\/v2\/comments?post=6783"}],"version-history":[{"count":7,"href":"https:\/\/cla.com.tr\/index.php\/wp-json\/wp\/v2\/pages\/6783\/revisions"}],"predecessor-version":[{"id":7124,"href":"https:\/\/cla.com.tr\/index.php\/wp-json\/wp\/v2\/pages\/6783\/revisions\/7124"}],"wp:attachment":[{"href":"https:\/\/cla.com.tr\/index.php\/wp-json\/wp\/v2\/media?parent=6783"}],"curies":[{"name":"wp","href":"https:\/\/api.w.org\/{rel}","templated":true}]}}